at is the remainder when 63777941 is divided by 6109?
6090
Calculate the remainder when 311859 is divided by 3625.
109
What is the remainder when 132143 is divided by 1346?
235
Calculate the remainder when 1257300 is divided by 418474.
1878
Calculate the remainder when 37878 is divided by 2122.
1804
What is the remainder when 1812352 is divided by 115?
67
What is the remainder when 100250 is divided by 4009?
25
Calculate the remainder when 263854 is divided by 87923.
85
What is the remainder when 5389378 is divided by 92920?
18
What is the remainder when 482341 is divided by 176?
101
What is the remainder when 467600 is divided by 13749?
134
Calculate the remainder when 61180 is divided by 121.
75
What is the remainder when 14970408 is divided by 14?
12
Calculate the remainder when 106414 is divided by 35458.
40
What is the remainder when 704646 is divided by 70427?
376
Calculate the remainder when 96376113 is divided by 41.
37
Calculate the remainder when 757548 is divided by 3946.
3862
Calculate the remainder when 87327 is divided by 20836.
3983
Calculate the remainder when 659585 is divided by 23550.
185
Calculate the remainder when 49011 is divided by 6867.
942
Calculate the remainder when 7026275 is divided by 1306.
1301
Calculate the remainder when 280600 is divided by 18705.
25
Calculate the remainder when 155763 is divided by 260.
23
What is the remainder when 19240305 is divided by 17057?
9
Calculate the remainder when 1095041 is divided by 547518.
5
What is the remainder when 81855 is divided by 676?
59
What is the remainder when 1980792 is divided by 1342?
0
What is the remainder when 5060783 is divided by 1939?
1932
Calculate the remainder when 8435586 is divided by 22.
16
What is the remainder when 130182 is divided by 14927?
10766
Calculate the remainder when 1214421 is divided by 4261.
36
Calculate the remainder when 1260325 is divided by 9.
1
What is the remainder when 76619501 is divided by 38309746?
9
Calculate the remainder when 11561616 is divided by 11561564.
52
What is the remainder when 172828 is divided by 34266?
1498
Calculate the remainder when 4273420 is divided by 158273.
49
Calculate the remainder when 2014372 is divided by 2915.
107
What is the remainder when 57878599 is divided by 34?
25
What is the remainder when 7967240 is divided by 59?
57
Calculate the remainder when 1764521995 is divided by 958.
955
What is the remainder when 22565999 is divided by 1500?
1499
Calculate the remainder when 6742777 is divided by 1382.
1381
What is the remainder when 26844489 is divided by 461?
459
Calculate the remainder when 109393 is divided by 13662.
97
Calculate the remainder when 3588806 is divided by 38589.
29
What is the remainder when 46807213 is divided by 370?
363
What is the remainder when 45096 is divided by 8107?
4561
Calculate the remainder when 32038104 is divided by 10679348.
60
Calculate the remainder when 22234058 is divided by 29.
19
What is the remainder when 2410859 is divided by 10620?
119
What is the remainder when 3349027 is divided by 11918?
69
Calculate the remainder when 21817128 is divided by 20295.
3
What is the remainder when 1867491 is divided by 466532?
1363
What is the remainder when 1633307 is divided by 30815?
112
Calculate the remainder when 4625277 is divided by 116.
9
Calculate the remainder when 202796 is divided by 2385.
71
Calculate the remainder when 3137140 is divided by 5143.
5053
Calculate the remainder when 166526 is divided by 302.
124
Calculate the remainder when 114855 is divided by 11478.
75
Calculate the remainder when 77484 is divided by 389.
73
Calculate the remainder when 1138476 is divided by 9567.
3
What is the remainder when 749 is divided by 545?
204
What is the remainder when 1481493 is divided by 44893?
24
Calculate the remainder when 21123614 is divided by 7417.
7415
What is the remainder when 7154696 is divided by 420?
416
What is the remainder when 3590145 is divided by 590?
585
Calculate the remainder when 2651175 is divided by 883725.
0
Calculate the remainder when 278958 is divided by 69694.
182
Calculate the remainder when 137144 is divided by 446.
222
Calculate the remainder when 7919138 is divided by 3319.
4
Calculate the remainder when 4711283 is divided by 194.
187
Calculate the remainder when 271839 is divided by 2639.
22
Calculate the remainder when 1385663 is divided by 346386.
119
What is the remainder when 31954101 is divided by 16765?
11
What is the remainder when 167175 is divided by 83203?
769
What is the remainder when 1097806 is divided by 2837?
2724
What is the remainder when 119891772 is divided by 881?
6
What is the remainder when 115118 is divided by 1294?
1246
Calculate the remainder when 95213 is divided by 694.
135
What is the remainder when 19739013 is divided by 9869496?
21
What is the remainder when 69380 is divided by 69263?
117
Calculate the remainder when 5629261 is divided by 342.
283
Calculate the remainder when 73049 is divided by 139.
74
What is the remainder when 4845035 is divided by 484503?
5
Calculate the remainder when 5483608 is divided by 110.
108
Calculate the remainder when 123161 is divided by 5922.
4721
What is the remainder when 4957596 is divided by 105479?
83
What is the remainder when 3417135 is divided by 1139026?
57
What is the remainder when 6516771 is divided by 407296?
35
Calculate the remainder when 16294 is divided by 13733.
2561
What is the remainder when 812411 is divided by 3611?
3547
What is the remainder when 1637055 is divided by 818450?
155
What is the remainder when 12457280 is divided by 83?
59
What is the remainder when 3680027 is divided by 44?
43
Calculate the remainder when 360730 is divided by 16394.
62
What is the remainder when 3896860 is divided by 549?
58
What is the remainder when 10926380 is divided by 12?
8
What is the remainder when 3933883 is divided by 11469?
16
Calculate the remainder when 423040 is divided by 423021.
19
What is the remainder when 1222752959 is divided by 20?
19
What is the remainder when 607298 is divided by 2552?
2474
Calculate the remainder when 3192943 is divided by 153.
139
Calculate the remainder when 35900738 is divided by 2033.
2024
What is the remainder when 2842020 is divided by 27?
0
Calculate the remainder when 96905598 is divided by 5506.
5504
What is the remainder when 39385 is divided by 429?
346
Calculate the remainder when 18339364 is divided by 241.
228
What is the remainder when 6679826 is divided by 104?
10
What is the remainder when 473870 is divided by 140?
110
What is the remainder when 1482454 is divided by 134?
12
What is the remainder when 92493125 is divided by 457?
438
What is the remainder when 180116267 is divided by 443?
441
Calculate the remainder when 282729 is divided by 12847.
95
What is the remainder when 3720153 is divided by 1240043?
24
What is the remainder when 52672723 is divided by 17557572?
7
Calculate the remainder when 1422789 is divided by 21555.
159
Calculate the remainder when 311779 is divided by 427.
69
What is the remainder when 86516051 is divided by 56?
27
What is the remainder when 509282571 is divided by 89?
7
Calculate the remainder when 405275 is divided by 1608.
59
What is the remainder when 34490554 is divided by 108?
106
What is the remainder when 360873 is divided by 40034?
567
What is the remainder when 309909 is divided by 3253?
874
What is the remainder when 135767667 is divided by 32?
19
Calculate the remainder when 13154710 is divided by 16865.
10
Calculate the remainder when 107606 is divided by 107581.
25
Calculate the remainder when 7229896 is divided by 321.
13
What is the remainder when 9169303 is divided by 1855?
38
Calculate the remainder when 728681 is divided by 1274.
1227
What is the remainder when 6920128 is divided by 8?
0
What is the remainder when 18766 is divided by 18594?
172
What is the remainder when 18942054 is divided by 2706006?
12
What is the remainder when 62763871 is divided by 354?
25
What is the remainder when 48642983 is divided by 108?
107
Calculate the remainder when 3529685 is divided by 350.
285
Calculate the remainder when 58526359 is divided by 40.
39
What is the remainder when 7102554 is divided by 54?
42
Calculate the remainder when 23378112 is divided by 7968.
0
C